*n - 24. Let c be 664/40 - 4/(-10). What is the units digit of h(c)?
9
Let p be 5075/14 - (-3)/(-6). Suppose p = 4*h - 302. Suppose 0 = -2*r + 5*r - 4*k - h, 0 = 3*r - k - 163. What is the tens digit of r?
5
Let j be 4*((-22)/(-8) - 2). Suppose -2*z - 42 = -j*z. Suppose -6*g = -4*g - z. What is the units digit of g?
1
Let w(t) = 17*t**2 - 2*t + 4. What is the tens digit of w(5)?
1
Suppose -o + 3*n - 24 = 0, -3*o - 32 = -o - 2*n. Let y(h) = 125 + h + 8*h - 108 + h**2 + 4*h. What is the units digit of y(o)?
5
Suppose -194 = -16*t + 18*t. Let m = t + 238. What is the hundreds digit of m?
1
Let b = -7 - -5. Let i be (6/b)/3*-46. Suppose -i = -4*j + 6. What is the tens digit of j?
1
Let t = 93 + -89. Suppose -h = 5*v - 0*v - 76, -t*v = 2*h - 146. What is the tens digit of h?
7
Let z(v) = v + 4. Let g be z(0). Let h = -2 + g. What is the units digit of (-31 + h)/(2/(-2))?
9
Let x(w) = w + 9. Let k be x(-7). Suppose -k*o - 11 + 191 = 0. What is the tens digit of o?
9
Suppose -3*l - 1247 = 406. Let p = -320 - l. What is the hundreds digit of p?
2
Let d(k) be the first derivative of -3 - 1/3*k**3 - 3*k**2 + 3*k. What is the units digit of d(-5)?
8
Suppose v + 6 + 12 = 2*u, -u - 3*v = 5. Suppose u*i - 1139 + 299 = 0. What is the tens digit of i?
2
Let f(p) = -p**3 - 1. Let h be f(-1). Suppose 5*t - 6*t - 7 = h. Let z = t - -21. What is the tens digit of z?
1
Let l = 13 + -16. Let z = l - -5. Suppose 0 = 7*y - z*y - 85. What is the units digit of y?
7
Let g(p) = 2*p**2 - 3*p - 1. Let b be g(-5). Suppose 4*t + 268 = b. Let l = t + 93. What is the tens digit of l?
4
Suppose 0 = 14*m - 11*m - 15. Suppose x + 1000 = m*f, -3*f - x + 750 - 142 = 0. What is the hundreds digit of f?
2
Let p = 52 - 24. Let s = p - -140. What is the hundreds digit of s?
1
Let s(x) = 39*x**3 - 9*x**2 + 7*x - 1. What is the hundreds digit of s(4)?
3
Suppose 14*a + 8*a - 33616 = 0. What is the hundreds digit of a?
5
Suppose 3 = -3*l + 9. Suppose 2*h = -2*q - l*q - 124, 2*h - 2*q + 100 = 0. What is the tens digit of ((-39)/9 - -4)*h?
1
Suppose 4 = -7*i + 3*i. What is the tens digit of -2*(2 - (-17)/1)*i?
3
Let p(c) = c**3 - 5*c**2 + 2*c - 4. Let q be p(5). Suppose -12*m + q = -9*m. What is the tens digit of 37 + (6/m - 0)?
4
Suppose -28*h = -26*h - 974. Let v = h + -276. What is the units digit of v?
1
What is the tens digit of 292 - 8*7/56?
9
Suppose -35*i + 23100 = 15*i. What is the tens digit of i?
6
Let a(u) = -2*u**2 + 14*u - 4. Let t be a(7). Let r(q) = -4*q**3 + q**2 - 10*q - 3. What is the hundreds digit of r(t)?
3
What is the units digit of (15/(-20) - 2/8)*-757?
7
Suppose -3*o - 2 = 2*d - 1193, 5*o - 2*d = 1985. Suppose h - 4*h = 2*x - o, 193 = x - 4*h. What is the tens digit of x?
9
Let g be (-31212)/(-135) - 2/10. Suppose -577 - g = -8*s. What is the hundreds digit of s?
1
Let g(v) = 3*v**2 + 24. Let a(t) = -4*t**2 - 23. Let s(d) = -7*a(d) - 6*g(d). What is the tens digit of s(4)?
7
Let u(z) = z + 24. Suppose 0 = -7*o + 11*o. Suppose 4*g - 2*v = 54, g + 0*g + 3*v + 4 = o. What is the units digit of u(g)?
5
Let h be (3/(-1))/3*-2. Suppose -h*u + u = 0. Suppose 4*l = 2*b + 178, u*l + 104 = 2*l + 4*b. What is the tens digit of l?
4
Suppose -3*g + 5*g = -5*d + 121, 5*d - 4*g - 133 = 0. What is the tens digit of d?
2
Let x = -4 + 8. Suppose -6155 = -x*k + f, -5*k + 3*k - 4*f + 3100 = 0. What is the tens digit of k/45 - 4/18?
3
Suppose 3*d - z - 38 = -2*z, 3*d - 2*z - 23 = 0. Let l = d + 44. What is the tens digit of l?
5
Let d = 46 + -36. What is the tens digit of ((-4)/(-4))/((d/(-244))/(-5))?
2
Let q = 1044 - 726. What is the hundreds digit of q?
3
Let u = 1580 - 521. What is the units digit of u?
9
Let a = 142 - -428. What is the hundreds digit of a?
5
Let u be -1 - -2*(-2)/(-4). Let q = 37 + -33. Let n = u + q. What is the units digit of n?
4
Let z(c) = 3*c**2 + 11*c - 10. Let g(b) = -b**2 + 1. Let k(w) = 4*g(w) + z(w). Let t be (-6)/3*(-4)/1. What is the units digit of k(t)?
8
Suppose 3*x + 4*t = 3386 + 5103, -t - 14156 = -5*x. What is the thousands digit of x?
2
Let r be (-1 - -4)/(-3 + 4). Suppose 2*y - r = 3*y. Let u(i) = 3*i**2 - 6. What is the units digit of u(y)?
1
Suppose -9 - 3 = 4*o. What is the units digit of (-72)/(-60)*(-110)/o*2?
8
Let a(g) = 15*g - 118. What is the tens digit of a(15)?
0
Let g(w) be the third derivative of -w**5/60 + 5*w**4/24 + w**3/3 - 7*w**2. Let r be g(-3). Let a = r - -48. What is the units digit of a?
6
Let b = 3326 + -1064. What is the tens digit of b?
6
Suppose -12*p - 1221 = -309. Let o = -20 - p. What is the units digit of o?
6
Let p = 221 + 113. What is the units digit of p?
4
Let s = -35 + 36. Let f(n) = 47*n. What is the units digit of f(s)?
7
Suppose 2*s - 5 = -4*o + 5, -3*o - s + 8 = 0. Let a be (-81)/1*(-1)/o. Suppose g - a = 12. What is the units digit of g?
9
Let a(p) = -4*p**3 - 4*p**2 - 25*p - 30. What is the units digit of a(-7)?
1
Let y = -9 - -76. What is the units digit of y?
7
Suppose f - 34 = -z + 13, -2*f = z - 46. Suppose 3*r = -4*o + 287, 0 = 3*o + 3*r - z - 171. What is the units digit of o?
8
Let m = 5 + -5. Let z(d) = m + 0*d**2 + 15*d - 3 - d**2 + 0*d**2. What is the units digit of z(13)?
3
Let s(x) be the first derivative of -x**4/4 + 14*x**3/3 - 6*x**2 + 15*x + 3. What is the tens digit of s(13)?
2
Suppose -2*c + 599 = -m, -1475 = -5*c - 5*m + 3*m. Let g = c - 201. Suppose -3*b = -6*b + g. What is the tens digit of b?
3
Suppose 4*u + 0*c - 281 = 3*c, 5*u - 375 = -c. Let s = 0 + u. What is the units digit of s?
4
Suppose -v + 9 = -2*x, -30 = -3*v + 4*x - x. Suppose v*s - 9 = 68. What is the units digit of s?
7
Let u(j) = 3*j**3 - 13*j**2 - 20*j - 37. What is the hundreds digit of u(13)?
0
Suppose 0 = -4*w - 3*f + 17, -f - 2*f + 15 = 3*w. Let p be 12/20*(w + -7). Let r = p + 6. What is the units digit of r?
3
Let j(c) = 72*c + 798. What is the units digit of j(32)?
2
Let p = 4662 - 2626. What is the thousands digit of p?
2
Suppose 2*p + 96 = -2*u + 1454, 3*u = 2*p + 2057. What is the tens digit of u?
8
Suppose -1632 = 11*w - 14*w. What is the hundreds digit of w?
5
Suppose -d + 3*d - 12 = 0. Let t(p) = -p**2 + 7*p - 4. Let o be t(d). What is the units digit of (-4 + o)*(-4 - 0)?
8
Suppose -3*k - 302 = -v, 24*v + 5*k = 29*v - 1470. What is the tens digit of v?
9
Suppose 4*u + 46 = 2*g + 2*u, 2*u - 122 = -4*g. What is the units digit of 268/g + (-20)/35?
9
Suppose 2*f + f = -75. Let s be ((-65)/20)/((-1)/(-4)). Let b = s - f. What is the tens digit of b?
1
Let j be (-1)/(-3) - (-4)/(-12). Suppose 0 = -5*z - j*z + 65. Let w = z - -2. What is the tens digit of w?
1
Let r(p) = -6*p - 6*p**2 + p - 9*p**2 + 7*p**3 + 1. Let l(j) = -3*j**3 + 7*j**2 + 3*j. Let x(o) = -5*l(o) - 2*r(o). What is the units digit of x(6)?
4
Suppose 2*i - 759 = -5*k, -4*i - 3*k + 1497 = -0*i. What is the hundreds digit of i?
3
Let w(g) = -g**2 - 3*g. Let b be w(-3). Suppose j + b*j + 12 = 0. Let z = -8 - j. What is the units digit of z?
4
Suppose 2*l = -3*w - 65, -5*l + 6*w - 5*w = 205. Let f = l - -109. What is the units digit of f?
9
Let t(k) = k**2 - 3*k - 1. Let x(j) = j - 5. Let d be x(9). Let y be t(d). Suppose 2*u = -5*o + 94, y*u - o - 107 - 17 = 0. What is the units digit of u?
2
Suppose -q - 12*o = -7*o - 1463, 5*q - 7427 = 3*o. What is the units digit of q?
3
Let j(v) = -v**3 + 9*v**2 - 8*v + 2. Let u be j(8). Suppose -2*d + 6 = -u*a, 16 = 3*d + 5*a - a. Suppose d*q = 5*q - 55. What is the tens digit of q?
5
Suppose 5*k + 3*g - 32 = 0, 4*g = -4*k - 0*g + 24. Let o = k + -4. Suppose o*d - 6*d + 18 = 0. What is the units digit of d?
6
Let b(d) = 0*d**3 - 3*d - 5*d**2 + 5*d + d**3 - 3 - d. Let u be b(5). Suppose 0 = 3*f + 1 - 4, -4*q = -u*f - 114. What is the tens digit of q?
2
Let a(p) = -4*p**3 - 92*p**2 + 16*p - 99. Let o(r) = r**3 + 23*r**2 - 4*r + 25. Let i(q) = 2*a(q) + 9*o(q). What is the hundreds digit of i(-23)?
1
Let o(w) = -w**3 + w**2 - 13*w + 241. What is the tens digit of o(0)?
4
Let w = 1121 + 177. What is the tens digit of w?
9
Suppose 3*o + 3*p - 64 = 5*o, o - 3*p = -32. Let i be (-1944)/32*o/6. Suppose 8*c - i = 20. What is the tens digit of c?
4
Let n be (-6)/(-27) + 94/(-18). Let x(r) = -30*r + 6. What is the hundreds digit of x(n)?
1
Let c(s) = 2*s**3 - 7*s**2 + 11*s - 6. Suppose -7 = -12*a + 41. What is the 